NOAA-Style Climate Reports
Select a Year or Month report
2024: Jan Feb Mar Apr May Jun Jul Aug Sep Oct Nov Dec
2023: Jan Feb Mar Apr May Jun Jul Aug Sep Oct Nov Dec
2022: Jan Feb Mar Apr May Jun Jul Aug Sep Oct Nov Dec
2021: Jan Feb Mar Apr May Jun Jul Aug Sep Oct Nov Dec
2020: Jan Feb Mar Apr May Jun Jul Aug Sep Oct Nov Dec
2019: Jan Feb Mar Apr May Jun Jul Aug Sep Oct Nov Dec
2018: Jan Feb Mar Apr May Jun Jul Aug Sep Oct Nov Dec
2017: Jan Feb Mar Apr May Jun Jul Aug Sep Oct Nov Dec
2016: Jan Feb Mar Apr May Jun Jul Aug Sep Oct Nov Dec
2015: Jan Feb Mar Apr May Jun Jul Aug Sep Oct Nov Dec
2014: Jan Feb Mar Apr May Jun Jul Aug Sep Oct Nov Dec
2013: Jan Feb Mar Apr May Jun Jul Aug Sep Oct Nov Dec
2024: Jan Feb Mar Apr May Jun Jul Aug Sep Oct Nov Dec
2023: Jan Feb Mar Apr May Jun Jul Aug Sep Oct Nov Dec
2022: Jan Feb Mar Apr May Jun Jul Aug Sep Oct Nov Dec
2021: Jan Feb Mar Apr May Jun Jul Aug Sep Oct Nov Dec
2020: Jan Feb Mar Apr May Jun Jul Aug Sep Oct Nov Dec
2019: Jan Feb Mar Apr May Jun Jul Aug Sep Oct Nov Dec
2018: Jan Feb Mar Apr May Jun Jul Aug Sep Oct Nov Dec
2017: Jan Feb Mar Apr May Jun Jul Aug Sep Oct Nov Dec
2016: Jan Feb Mar Apr May Jun Jul Aug Sep Oct Nov Dec
2015: Jan Feb Mar Apr May Jun Jul Aug Sep Oct Nov Dec
2014: Jan Feb Mar Apr May Jun Jul Aug Sep Oct Nov Dec
2013: Jan Feb Mar Apr May Jun Jul Aug Sep Oct Nov Dec
Report for 2024 April
Monthly Climatological Summary for Apr 2024 Name: K0JSC City: Canon City State: Colorado Elevation: 5374 ft Lat: N 38° 26' 56" Lon: W 105° 11' 39" Temperature (°F), Rain (in), Wind Speed (mph) Heat Cool Avg Mean Deg Deg Wind Dom Day Temp High Time Low Time Days Days Rain Speed High Time Dir ---------------------------------------------------------------------------------- 01 44.9 52.3 13:07 36.6 20:18 0.0 26.6 0.06 4.5 22.0 14:31 ESE 02 45.9 63.7 16:27 29.7 06:47 0.0 27.6 0.01 3.4 17.0 13:25 NW 03 55.6 73.7 16:14 40.1 02:51 0.0 37.3 0.00 3.4 16.0 08:29 NW 04 59.1 78.8 17:16 39.9 01:09 0.0 40.8 0.00 3.2 18.0 08:34 WNW 05 59.0 74.8 14:45 39.6 07:09 0.0 40.7 0.00 3.2 34.0 22:44 S 06 48.8 62.9 01:06 39.8 22:34 0.0 30.5 0.00 6.8 41.0 14:29 W 07 47.4 59.8 14:19 37.5 06:50 0.0 29.1 0.00 8.1 35.0 00:48 WSW 08 44.8 57.5 15:46 26.6 06:26 0.0 26.5 0.00 3.2 21.0 15:52 SE 09 47.8 62.1 17:30 30.6 06:27 0.0 29.5 0.00 2.7 15.0 16:17 ESE 10 51.4 64.1 16:04 36.9 01:12 0.0 33.1 0.00 4.4 15.0 22:22 NE 11 47.4 62.4 16:57 29.8 06:54 0.0 29.1 0.00 3.0 21.0 14:38 ESE 12 59.2 77.8 17:00 34.4 00:30 0.0 40.9 0.00 3.8 19.0 17:09 SW 13 64.1 78.7 17:06 44.2 02:14 0.0 45.8 0.00 4.0 20.0 11:23 WNW 14 64.2 81.5 17:58 45.2 00:04 0.0 45.9 0.00 4.6 20.0 06:55 NW 15 56.3 69.2 13:04 38.9 05:45 0.0 38.0 0.00 5.7 23.0 12:42 WSW 16 59.9 71.9 16:09 50.3 02:49 0.0 41.6 0.00 9.0 30.0 14:22 NW 17 61.6 78.9 17:08 41.4 06:35 0.0 43.4 0.00 5.5 29.0 13:02 W ---------------------------------------------------------------------------------- 54.0 81.5 14 26.6 8 0.0 606.4 0.07 4.6 41.0 6 W Max >= 27.0 17 Max <= 0.0 0 Min <= 0.0 0 Min <= -18.0 0 Max Rain: 0.06 on day 1 Days of Rain: 0 (>= 0.20 in) 0 (>= 2.00 in) 0 (>= 20.00 in) Heat Base: 18.3 Cool Base: 18.3 Method: Integration