NOAA-Style Climate Reports


Report for 2019 December
                   Monthly Climatological Summary for Dec 2019

Name: K0JSC   City: Canon City   State: Colorado
Elevation: 5374 ft  Lat: N 38° 26' 56"   Lon: W 105° 11' 40"

                  Temperature (°F), Rain (in), Wind Speed (mph)

                                      Heat  Cool        Avg
    Mean                              Deg   Deg         Wind                 Dom
Day Temp  High   Time   Low    Time   Days  Days  Rain  Speed High   Time    Dir
----------------------------------------------------------------------------------
 1  33.6  46.1   11:20  21.5   23:21   0.0  15.3  0.00   4.4  29.0   01:30   WNW
 2  46.4  65.0   13:59  20.9   01:49   0.0  28.1  0.00   5.8  29.0   14:47   WNW
 3  47.8  61.0   14:22  34.1   06:32   0.0  29.5  0.00   7.4  31.0   11:02    NW
 4  44.5  62.7   15:12  29.2   21:53   0.0  26.2  0.00   3.8  16.0   00:47   WNW
 5  43.3  56.4   12:08  33.8   06:07   0.0  25.0  0.00   3.3  25.0   14:13    SW
 6  35.2  49.5   12:24  23.0   23:58   0.0  16.9  0.00   1.8  13.0   15:58    SE
 7  48.2  64.5   14:07  22.8   00:05   0.0  29.9  0.00   7.8  24.0   15:07   WNW
 8  49.5  57.0   11:52  42.4   23:59   0.0  31.2  0.00   6.9  28.0   14:04   WNW
 9  33.9  42.4   00:00  20.3   22:19   0.0  15.6  0.00   4.2  21.0   03:13     N
10  32.8  48.0   12:41  18.4   03:02   0.0  14.5  0.00   3.5  16.0   04:17   NNW
11  43.6  58.5   13:46  31.6   03:48   0.0  24.9  0.00   6.2  28.0   16:59   WNW
12  44.7  59.1   14:13  34.1   06:09   0.0  26.4  0.00   5.6  24.0   14:14    NW
13  43.0  55.1   13:38  31.0   05:36   0.0  24.7  0.00   5.9  33.0   12:08   WNW
14  37.6  52.3   15:27  20.9   07:16   0.0  19.3  0.00   2.1  24.0   15:14    SE
----------------------------------------------------------------------------------
    41.7  65.0     2    18.4    10     0.0 327.5  0.00   4.9  33.0    13     WNW

Max >=  27.0: 14
Max <=   0.0:  0
Min <=   0.0:  0
Min <= -18.0:  0
Max Rain: 0.00 on day 0
Days of Rain: 0 (>= 0.20 in)  0 (>= 2.00 in)  0 (>= 20.00 in)
Heat Base: 18.3  Cool Base: 18.3  Method: Integration