NOAA-Style Climate Reports


Report for 2019 May
                   Monthly Climatological Summary for May 2019

Name: K0JSC   City: Canon City   State: Colorado
Elevation: 5374 ft  Lat: N 38° 26' 56"   Lon: W 105° 11' 40"

                  Temperature (°F), Rain (in), Wind Speed (mph)

                                      Heat  Cool        Avg
    Mean                              Deg   Deg         Wind                 Dom
Day Temp  High   Time   Low    Time   Days  Days  Rain  Speed High   Time    Dir
----------------------------------------------------------------------------------
 1  49.9  64.0   15:12  41.5   04:55   0.0  31.6  0.01   6.5  30.0   15:20     S
 2  46.2  57.1   16:07  37.4   06:20   0.0  26.4  0.01   3.6  26.0   14:37   ESE
 3  46.5  62.8   11:10  37.6   06:30   0.0  13.4  0.00   1.4  26.0   14:37     N
 4  58.6  67.1   19:31   0.0   19:31   0.0   7.1  0.00   3.8  29.0   15:09   NNW
 5  61.8  76.8   13:33  46.3   02:23   0.0  43.5  0.00   4.6  28.0   18:29   WNW
 7  59.5  75.7   14:53  49.0   01:38   0.0  70.0  0.05   7.0  24.0   17:30    SE
 8  48.1  61.8   11:05  36.2   23:59   0.0  29.8  0.60   3.6  22.0   15:09   SSE
 9  36.0  40.1   15:55  32.4   05:39   0.0  17.7  1.75   2.7  14.0   11:07    SE
10  42.0  49.0   17:14  35.2   01:56   0.0  23.7  0.11   2.8  13.0   11:38    SE
11  53.5  68.5   15:52  41.0   06:14   0.0  35.3  0.00   5.3  23.0   16:06   NNE
12  58.4  74.7   15:50  38.6   03:49   0.0  40.1  0.00   4.2  17.0   16:25   ENE
13  64.6  79.2   14:02  47.7   01:03   0.0  46.3  0.00   5.5  26.0   12:59    NW
14  65.9  85.4   14:42  49.3   01:27   0.0  47.6  0.00   3.6  18.0   18:36   ESE
15  65.1  81.6   18:11  55.7   02:48   0.0  18.0  0.00   2.5  28.0   19:13   NNW
16  69.0  79.6   17:27  54.9   07:04   0.0  42.6  0.00   3.1  19.0   14:12   NNE
17  61.0  71.5   10:41  47.6   23:51   0.0  42.7  0.00   5.4  35.0   16:22     W
18  48.0  61.6   11:25  36.5   23:40   0.0  28.9  0.10   4.1  34.0   11:48   WNW
19  49.3  60.9   18:40  32.7   06:07   0.0  31.0  0.00   1.6  18.0   12:17    SE
20  47.1  54.2   14:31  39.7   23:57   0.0  28.8  0.67   2.7  19.0   10:29    SE
21  44.6  55.0   13:45  36.3   05:48   0.0  26.3  0.22   4.2  20.0   15:11   ESE
22  48.8  60.9   16:53  36.1   03:00   0.0  30.5  0.01   4.5  22.0   20:25   ESE
23  43.0  47.1   00:54  34.5   23:52   0.0  24.7  0.02   5.5  20.0   01:10   ESE
24  55.8  75.8   17:34  32.0   02:28   0.0  37.5  0.00   4.0  26.0   13:29   WNW
25  58.3  73.1   18:00  39.8   03:56   0.0  40.0  0.00   3.3  19.0   14:46    SE
----------------------------------------------------------------------------------
    53.4  85.4    14     0.0     4     0.0 783.5  3.55   4.1  35.0    17     ESE

Max >=  27.0: 24
Max <=   0.0:  0
Min <=   0.0:  1
Min <= -18.0:  0
Max Rain: 1.75 on day 9
Days of Rain: 4 (>= 0.20 in)  0 (>= 2.00 in)  0 (>= 20.00 in)
Heat Base: 18.3  Cool Base: 18.3  Method: Integration