NOAA-Style Climate Reports

Select a Year or Month report
2019: Jan Feb Mar Apr May Jun Jul Aug Sep Oct Nov Dec
2018: Jan Feb Mar Apr May Jun Jul Aug Sep Oct Nov Dec
2017: Jan Feb Mar Apr May Jun Jul Aug Sep Oct Nov Dec
2016: Jan Feb Mar Apr May Jun Jul Aug Sep Oct Nov Dec
2015: Jan Feb Mar Apr May Jun Jul Aug Sep Oct Nov Dec
2014: Jan Feb Mar Apr May Jun Jul Aug Sep Oct Nov Dec
2013: Jan Feb Mar Apr May Jun Jul Aug Sep Oct Nov Dec

Report for 2019 March
                   Monthly Climatological Summary for Mar 2019

Name: K0JSC   City: Canon City   State: Colorado
Elevation: 5374 ft  Lat: N 38° 26' 56"   Lon: W 105° 11' 40"

                  Temperature (°F), Rain (in), Wind Speed (mph)

                                      Heat  Cool        Avg
    Mean                              Deg   Deg         Wind                 Dom
Day Temp  High   Time   Low    Time   Days  Days  Rain  Speed High   Time    Dir
----------------------------------------------------------------------------------
 1  44.5  62.3   15:25  29.8   03:22   0.0  26.2  0.00   7.3  33.0   12:59     N
 2  25.5  30.2   00:00  16.6   23:59   0.1   7.2  0.00   3.9  16.0   18:07   ESE
 3  10.1  16.8   00:02   5.9   23:45   8.2   0.0  0.00   4.5  14.0   14:58   ESE
 4  11.2  20.8   15:24   4.7   04:16   7.3   0.2  0.09   1.9  11.0   12:10   ESE
 5  19.0  31.9   15:38   3.2   05:00   4.4   5.1  0.03   1.8  13.0   12:29    SE
 6  39.2  66.4   15:17  16.8   05:40   0.2  21.0  0.05   1.9  18.0   16:34    SW
 7  41.1  57.5   14:20  24.2   06:25   0.0  22.8  0.00   4.3  30.0   17:25   WSW
 8  45.7  64.5   13:54  26.7   06:44   0.0  27.4  0.00   4.5  33.0   20:08    SW
 9  45.0  55.2   13:26  36.0   23:56   0.0  26.7  0.00   9.7  35.0   13:33   WNW
10  38.6  50.3   15:06  28.9   23:56   0.0  19.5  0.00   3.4  15.0   04:27   ESE
11  39.6  55.8   17:24  24.4   05:51   0.0  21.3  0.00   1.5  15.0   08:00   SSE
12  51.4  66.8   15:22  40.0   05:15   0.0  33.1  0.04   5.3  26.0   16:54   WNW
13  41.8  50.3   00:11  32.2   21:48   0.0  23.5  0.31   9.1  42.0   15:08    NW
14  31.6  37.7   18:14  26.3   23:55   0.0   5.2  0.00   5.0  23.0   15:04   ESE
15  34.7  48.4   15:48  22.9   05:58   0.0  16.4  0.00   3.8  16.0   08:25    NE
16  41.2  55.1   16:02  26.3   01:16   0.0  22.9  0.00   5.0  18.0   06:24    NE
17  44.2  61.7   14:51  24.1   04:03   0.0  25.9  0.00   4.7  21.0   16:25   ESE
18  41.4  57.4   16:57  23.1   07:04   0.0  23.1  0.00   2.3  17.0   14:19   ESE
19  39.7  46.0   17:22  33.6   07:34   0.0  21.4  0.02   4.2  15.0   09:18     E
20  43.2  61.5   16:26  25.3   04:38   0.0  24.8  0.00   4.1  22.0   08:44     N
----------------------------------------------------------------------------------
    36.4  66.8    12     3.2     5    20.2 373.7  0.54   4.4  42.0    13     NNE

Max >=  27.0: 18
Max <=   0.0:  0
Min <=   0.0:  0
Min <= -18.0:  0
Max Rain: 0.31 on day 13
Days of Rain: 1 (>= 0.20 in)  0 (>= 2.00 in)  0 (>= 20.00 in)
Heat Base: 18.3  Cool Base: 18.3  Method: Integration