NOAA-Style Climate Reports


Report for 2020 February
                   Monthly Climatological Summary for Feb 2020

Name: K0JSC   City: Canon City   State: Colorado
Elevation: 5374 ft  Lat: N 38° 26' 56"   Lon: W 105° 11' 40"

                  Temperature (°F), Rain (in), Wind Speed (mph)

                                      Heat  Cool        Avg
    Mean                              Deg   Deg         Wind                 Dom
Day Temp  High   Time   Low    Time   Days  Days  Rain  Speed High   Time    Dir
----------------------------------------------------------------------------------
 1  49.0  66.1   14:29  38.9   00:01   0.0  30.7  0.00   6.2  23.0   13:56    NW
 2  53.8  75.5   14:20  38.6   03:56   0.0  35.5  0.00   4.8  24.0   23:35   ESE
 3  29.1  54.4   00:00  17.1   23:58   0.0  10.8  0.00   6.0  18.0   12:22   ESE
 4  14.6  19.5   16:01   4.1   23:58   3.8   0.0  0.05   2.4  13.0   00:01    SE
 5  13.8  29.7   13:39   0.2   00:55   6.2   1.7  0.07   3.8  18.0   10:24    NW
 6  28.3  43.7   16:17   7.3   02:58   1.9  12.0  0.07   4.9  25.0   05:41    NW
 7  27.3  31.6   15:00  21.2   23:59   0.0   9.0  0.17   2.5  15.0   02:53   ESE
 8  27.7  48.4   16:09  10.8   05:51   1.4  10.8  0.02   1.9  10.0   14:36     E
 9  28.7  31.3   08:35  21.7   06:01   0.0  10.4  0.01   4.6  18.0   11:49   ESE
10  26.9  33.9   13:06  19.5   04:57   0.0   8.6  0.00   4.2  18.0   14:20    SE
11  25.6  32.2   14:28  16.7   07:49   0.0   7.3  0.12   3.9  19.0   21:36    SE
12  29.2  40.6   10:26  13.4   05:40   0.3  10.2  0.00   2.4  19.0   01:11     E
13  21.9  31.2   12:03  12.6   21:32   0.8   4.4  0.00   1.2  12.0   00:46   ESE
14  39.5  60.3   14:46   8.9   00:59   1.5  22.7  0.00   5.4  29.0   13:51    NW
15  34.7  44.1   00:02  25.3   06:17   0.0  16.4  0.00   1.4  13.0   00:00    SW
16  40.2  58.4   16:09  22.5   06:26   0.0  21.9  0.00   3.5  23.0   16:50   NNW
17  38.7  48.2   12:05  29.8   23:56   0.0  20.4  0.00   4.4  23.0   15:32   ESE
18  28.3  31.0   13:50  23.5   07:20   0.0  10.0  0.11   4.5  13.0   00:18   ESE
19  25.5  32.3   12:49  16.8   04:38   0.0   7.2  0.00   3.1  18.0   15:06    SE
20  20.3  33.1   15:50   5.5   06:16   2.4   4.3  0.07   2.0  11.0   12:14   ESE
21  38.5  61.2   14:02  16.3   00:00   0.0  20.2  0.01   6.0  23.0   03:16    NW
22  48.2  63.0   12:41  35.7   23:58   0.0  29.2  0.00   3.5  22.0   05:16     N
23  35.9  39.7   08:40  32.1   01:18   0.0  17.6  0.36   1.8  14.0   23:38    NW
24  34.9  49.7   10:28  22.5   22:49   0.0  16.6  0.00   7.2  43.0   13:44    NW
25  25.3  34.2   10:26  13.7   23:31   0.4   7.4  0.00   2.4  20.0   09:29     E
----------------------------------------------------------------------------------
    31.4  75.5     2     0.2     5    18.7 345.3  1.06   3.8  43.0    24     ENE

Max >=  27.0: 24
Max <=   0.0:  0
Min <=   0.0:  0
Min <= -18.0:  0
Max Rain: 0.36 on day 23
Days of Rain: 1 (>= 0.20 in)  0 (>= 2.00 in)  0 (>= 20.00 in)
Heat Base: 18.3  Cool Base: 18.3  Method: Integration