NOAA-Style Climate Reports


Report for 2019 October
                   Monthly Climatological Summary for Oct 2019

Name: K0JSC   City: Canon City   State: Colorado
Elevation: 5374 ft  Lat: N 38° 26' 56"   Lon: W 105° 11' 40"

                  Temperature (°F), Rain (in), Wind Speed (mph)

                                      Heat  Cool        Avg
    Mean                              Deg   Deg         Wind                 Dom
Day Temp  High   Time   Low    Time   Days  Days  Rain  Speed High   Time    Dir
----------------------------------------------------------------------------------
 1  59.2  69.1   14:39  46.5   07:18   0.0  40.9  0.00   3.6  16.0   19:33   ESE
 2  57.1  73.0   16:49  47.7   07:10   0.0  38.8  0.01   3.6  16.0   01:12   ESE
 3  53.0  64.5   16:37  42.3   23:58   0.0  34.7  0.00   3.6  18.0   15:22   ESE
 4  63.0  80.1   17:24  39.5   02:42   0.0  33.6  0.00   2.1  19.0   23:44   WSW
 5  58.9  69.8   16:09  42.0   23:24   0.0  40.6  0.00   5.1  22.0   02:16     E
 6  48.1  62.9   16:09  32.3   05:31   0.0  29.8  0.00   3.1  25.0   12:33    SE
 7  55.4  77.7   15:37  36.7   02:05   0.0  37.1  0.00   4.5  27.0   06:56   NNW
 8  63.5  80.7   16:32  44.0   05:40   0.0  45.2  0.00   4.8  28.0   14:10     W
 9  65.1  79.8   17:15  48.7   23:59   0.0  17.2  0.00   6.0  24.0   13:19     W
10  31.1  48.7   00:00  23.8   23:59   0.0  12.8  0.00   4.9  21.0   00:10    SE
11  33.8  53.7   16:34  16.1   07:16   0.2  15.7  0.08   1.5  15.0   10:10   ESE
12  48.8  73.6   15:04  26.8   00:37   0.0  30.5  0.00   3.2  17.0   11:59   NNE
13  54.0  75.0   14:44  33.0   00:18   0.0  35.7  0.00   4.6  21.0   06:51    NW
14  57.2  77.8   15:29  35.5   00:11   0.0  38.9  0.00   3.3  29.0   11:14   WNW
15  51.7  64.2   15:28  36.8   23:37   0.0  33.4  0.00   3.7  17.0   05:26   ENE
16  55.4  79.4   14:20  36.2   00:55   0.0  37.1  0.00   3.3  18.0   15:07     N
17  61.1  80.3   14:52  40.5   00:04   0.0  42.8  0.00   4.1  34.0   22:43    NW
18  56.8  69.9   14:29  42.0   07:19   0.0  38.4  0.00   4.7  46.0   14:05   WNW
----------------------------------------------------------------------------------
    54.1  80.7     8    16.1    11     0.2 603.2  0.09   3.8  46.0    18     NNW

Max >=  27.0: 18
Max <=   0.0:  0
Min <=   0.0:  0
Min <= -18.0:  0
Max Rain: 0.08 on day 11
Days of Rain: 0 (>= 0.20 in)  0 (>= 2.00 in)  0 (>= 20.00 in)
Heat Base: 18.3  Cool Base: 18.3  Method: Integration